{"id":43,"date":"2026-04-16T10:55:59","date_gmt":"2026-04-16T10:55:59","guid":{"rendered":"https:\/\/sklonum.click\/?page_id=43"},"modified":"2026-04-16T10:56:03","modified_gmt":"2026-04-16T10:56:03","slug":"central-de-contacto-sklonum","status":"publish","type":"page","link":"https:\/\/sklonum.click\/?page_id=43","title":{"rendered":"Central de Contacto sklonum"},"content":{"rendered":"\n<p>La comunicaci\u00f3n es el pilar de nuestra comunidad deportiva. Si necesitas asistencia t\u00e9cnica, informaci\u00f3n sobre patrocinios o detalles de la academia en Santiago, nuestro equipo de cinco expertos liderado por Carlos Rodrigo Sanchez est\u00e1 listo para responder.<\/p>\n\n\n\n<ul class=\"wp-block-list\">\n<li><strong>Direcci\u00f3n Administrativa:<\/strong> Av. Ej\u00e9rcito Libertador 497, 8370192 Santiago, Regi\u00f3n Metropolitana, Chile.<\/li>\n\n\n\n<li><strong>Correo de Atenci\u00f3n Directa:<\/strong> connect@sklonum.click<\/li>\n\n\n\n<li><strong>N\u00famero de tel\u00e9fono:<\/strong> +(56)\/226\/471\/481<\/li>\n\n\n\n<li><strong>Responsable Institucional:<\/strong> Carlos Rodrigo Sanchez<\/li>\n<\/ul>\n\n\n\n<blockquote class=\"wp-block-quote is-layout-flow wp-block-quote-is-layout-flow\">\n<p><strong>Horarios de Atenci\u00f3n Presencial en Santiago:<\/strong><\/p>\n\n\n\n<ul class=\"wp-block-list\">\n<li>Lunes a Viernes: 09:00 a 18:00 horas.<\/li>\n\n\n\n<li>S\u00e1bados (\u00c1rea Deportiva): 10:00 a 13:00 horas.<\/li>\n<\/ul>\n<\/blockquote>\n\n\n\n<p>\u00bfTienes alguna duda sobre el proceso de inscripci\u00f3n para la pr\u00f3xima temporada o necesitas soporte t\u00e9cnico con tu perfil de socio en Av. Ej\u00e9rcito Libertador 497?<\/p>\n","protected":false},"excerpt":{"rendered":"<p>La comunicaci\u00f3n es el pilar de nuestra comunidad deportiva. Si necesitas asistencia t\u00e9cnica, informaci\u00f3n sobre patrocinios o detalles de la academia en Santiago, nuestro equipo de cinco expertos liderado por Carlos Rodrigo Sanchez est\u00e1 listo para responder. \u00bfTienes alguna duda sobre el proceso de inscripci\u00f3n para la pr\u00f3xima temporada o necesitas soporte t\u00e9cnico con tu [&hellip;]<\/p>\n","protected":false},"author":1,"featured_media":0,"parent":0,"menu_order":10,"comment_status":"closed","ping_status":"closed","template":"","meta":{"footnotes":""},"class_list":["post-43","page","type-page","status-publish","hentry"],"_links":{"self":[{"href":"https:\/\/sklonum.click\/index.php?rest_route=\/wp\/v2\/pages\/43","targetHints":{"allow":["GET"]}}],"collection":[{"href":"https:\/\/sklonum.click\/index.php?rest_route=\/wp\/v2\/pages"}],"about":[{"href":"https:\/\/sklonum.click\/index.php?rest_route=\/wp\/v2\/types\/page"}],"author":[{"embeddable":true,"href":"https:\/\/sklonum.click\/index.php?rest_route=\/wp\/v2\/users\/1"}],"replies":[{"embeddable":true,"href":"https:\/\/sklonum.click\/index.php?rest_route=%2Fwp%2Fv2%2Fcomments&post=43"}],"version-history":[{"count":1,"href":"https:\/\/sklonum.click\/index.php?rest_route=\/wp\/v2\/pages\/43\/revisions"}],"predecessor-version":[{"id":44,"href":"https:\/\/sklonum.click\/index.php?rest_route=\/wp\/v2\/pages\/43\/revisions\/44"}],"wp:attachment":[{"href":"https:\/\/sklonum.click\/index.php?rest_route=%2Fwp%2Fv2%2Fmedia&parent=43"}],"curies":[{"name":"wp","href":"https:\/\/api.w.org\/{rel}","templated":true}]}}